{"id":1326,"date":"2016-03-23T02:19:41","date_gmt":"2016-03-23T02:19:41","guid":{"rendered":"http:\/\/nueva.razacomica.cl\/?page_id=1326"},"modified":"2023-09-22T14:50:02","modified_gmt":"2023-09-22T14:50:02","slug":"civilizacion-y-barbarie","status":"publish","type":"page","link":"https:\/\/razacomica.cl\/sitio\/civilizacion-y-barbarie\/","title":{"rendered":"Civilizaci\u00f3n y Barbarie"},"content":{"rendered":"<p><\/p>\n<h5 style=\"text-align: left;\"><strong>CIVILIZACI\u00d3N Y BARBARIE<\/strong><\/h5>\n<p><\/p>\n<p class=\"align-right\">Durante su exilio en Chile, Domingo Faustino Sarmiento escribi\u00f3 <em>Facundo o civilizaci\u00f3n y barbarie en las pampas argentinas<\/em> (1845), obra que inspir\u00f3 algunos de los pasajes m\u00e1s oscuros del discurso civilizatorio en Latinoam\u00e9rica. Esta categor\u00eda compila escrituras fraguadas en la cr\u00edtica a las voluntades democratizadoras y los discursos de integraci\u00f3n sostenidos en la continuidad solapada de la cultura (neo)colonialista.<\/p>\n<p><\/p>\n<h5 style=\"text-align: left;\"><strong>CIVILIZACI\u00d3N Y BARBARIE<\/strong><\/h5>\n<p><\/p>\n<p>Durante su exilio en Chile, Domingo Faustino Sarmiento escribi\u00f3 <em>Facundo o civilizaci\u00f3n y barbarie en las pampas argentinas<\/em> (1845), obra que inspir\u00f3 algunos de los pasajes m\u00e1s oscuros del discurso civilizatorio en Latinoam\u00e9rica. Esta categor\u00eda compila escrituras fraguadas en la cr\u00edtica a las voluntades democratizadoras y los discursos de integraci\u00f3n sostenidos en la continuidad solapada de la cultura (neo)colonialista.<\/p>\n<p><\/p>\n","protected":false},"excerpt":{"rendered":"<p>CIVILIZACI\u00d3N Y BARBARIE Durante su exilio en Chile, Domingo Faustino Sarmiento escribi\u00f3 Facundo o civilizaci\u00f3n y barbarie en las pampas argentinas (1845), obra que inspir\u00f3 algunos de los pasajes m\u00e1s oscuros del discurso civilizatorio en Latinoam\u00e9rica. Esta categor\u00eda compila escrituras fraguadas en la cr\u00edtica a las voluntades democratizadoras y los discursos de integraci\u00f3n sostenidos en [&hellip;]<\/p>\n","protected":false},"author":1,"featured_media":0,"parent":0,"menu_order":0,"comment_status":"closed","ping_status":"closed","template":"","meta":{"_acf_changed":false,"footnotes":""},"class_list":["post-1326","page","type-page","status-publish","hentry"],"acf":[],"_links":{"self":[{"href":"https:\/\/razacomica.cl\/sitio\/wp-json\/wp\/v2\/pages\/1326","targetHints":{"allow":["GET"]}}],"collection":[{"href":"https:\/\/razacomica.cl\/sitio\/wp-json\/wp\/v2\/pages"}],"about":[{"href":"https:\/\/razacomica.cl\/sitio\/wp-json\/wp\/v2\/types\/page"}],"author":[{"embeddable":true,"href":"https:\/\/razacomica.cl\/sitio\/wp-json\/wp\/v2\/users\/1"}],"replies":[{"embeddable":true,"href":"https:\/\/razacomica.cl\/sitio\/wp-json\/wp\/v2\/comments?post=1326"}],"version-history":[{"count":0,"href":"https:\/\/razacomica.cl\/sitio\/wp-json\/wp\/v2\/pages\/1326\/revisions"}],"wp:attachment":[{"href":"https:\/\/razacomica.cl\/sitio\/wp-json\/wp\/v2\/media?parent=1326"}],"curies":[{"name":"wp","href":"https:\/\/api.w.org\/{rel}","templated":true}]}}